i). What is f(-6)?
-1
Let o be ((-24)/(-10))/(2/5). Let y(r) = -r**2 + 1 + 7*r - o*r + 2*r**2. Determine y(3).
13
Suppose r - 2 = -g, -9 + 4 = 2*r - g. Let u(o) = o**3 - 2*o - 1. Give u(r).
0
Let d(r) = -r**2 + r + 4. Let y be d(3). Let s be 16/20*5/2. Let m(o) = -o**2 + s*o**2 + o + 2 + 0*o**2. Calculate m(y).
4
Let t(a) = -a**2 + 3*a - 3. Suppose 4*x = -x + 20. Calculate t(x).
-7
Let c = 2 + -5. Let b(j) = -j + 1. Let a(m) = 2*m**2 + 2*m + 7. Suppose 0*v - 3 = 3*v. Let q(s) = v*a(s) + 3*b(s). What is q(c)?
-7
Suppose 4*a + 10 = 5*j - 0*j, 3*j + 3*a = 6. Let b(x) = -1 - 2 + x + 0*x + x. What is b(j)?
1
Suppose 2*j = -j + 9. Let c(s) be the first derivative of 1/4*s**4 + s + 1/2*s**2 - s**3 - 3. Determine c(j).
4
Suppose 2*k = 2*r - 0*k + 2, 2*r = 3*k. Let a(j) = 2*j + 2. What is a(r)?
-4
Let d(s) be the third derivative of s**6/144 - s**5/120 + 7*s**4/24 - 5*s**2. Let h(r) be the second derivative of d(r). What is h(-1)?
-6
Let i be (8/10)/(2/5). Let c(x) be the first derivative of 2*x - 1/4*x**4 + 1 + 0*x**2 + 1/3*x**3. What is c(i)?
-2
Let s(y) = -y**2 + 3*y + 3. Let v = 10 - 7. Let g(u) = -u**3 + 2*u**2 + 3*u**2 + 0*u**2 - v*u. Let p be g(4). Give s(p).
-1
Let b(i) be the third derivative of -i**6/30 - i**5/60 - i**4/24 + i**3/6 + 5*i**2. What is b(1)?
-5
Let s(t) be the first derivative of -t**2 + 3*t - 1. Suppose 1 = -b + 4. Determine s(b).
-3
Let z(d) = d**3 - 1. Suppose 9 = -9*o - 9. Calculate z(o).
-9
Let z = 24 - -8. Suppose 5*b - z = -12, 0 = -2*x + 3*b - 6. Let r(d) = d + d**2 + x*d - d. What is r(-4)?
4
Let o(v) = 2*v - 3. Let q be o(3). Suppose q*f = -s, s - 2*s + 5*f = -8. Let a(z) = z + z**2 - 2*z**2 - 2*z - s. Give a(-3).
-9
Let p(w) = -w**3 - 4*w**2 + 3*w + 2. Suppose 3 - 7 = k. Calculate p(k).
-10
Let h(x) be the first derivative of x**4/4 + 2*x**3/3 - x**2/2 - x + 38. What is h(-3)?
-7
Let j(o) = o - 4. Suppose 4*l + 22 = -5*d, 12 = -2*l - 3*d - 0. Calculate j(l).
-7
Let b(f) = -f**2 + 12. Let o(j) = j**3 + 5*j**2 + 3*j - 4. Let z be o(-4). Calculate b(z).
12
Let b(x) be the first derivative of -x**3/3 - 3*x**2/2 - 2*x + 1. Suppose -4*u + 16 = 3*k - 7*k, 5*k + 28 = 3*u. Let g be ((-3)/(-3))/(2/k). Calculate b(g).
-6
Let k(i) = i - 7. Let z(c) = -c**2 - 6*c + 10. Let j be z(-8). What is k(j)?
-13
Let g(p) = 3*p**2 + 3*p + 3. Let q(s) = -4*s**2 - 4*s - 3. Let d(c) = 5*g(c) + 4*q(c). What is d(0)?
3
Let k(l) = l + 4. Suppose -4*a + 13 = -7. Suppose a*o + 34 = 4. Calculate k(o).
-2
Let s be -3*(-4*2)/4. Let g(x) = -x + 6. Determine g(s).
0
Let c(a) be the second derivative of -a**3/6 + a**2/2 + 16*a. Calculate c(1).
0
Let s(p) = p. Let a be (-3 + -1 + 0)/1. What is s(a)?
-4
Let n = 6 - 4. Let m(p) = 2*p**2 - 3*p**n + 2*p**2 + 0*p - 2 - 3*p. Determine m(5).
8
Let g be (1 + -3)/(-2 + 4). Let o(b) = -13*b. What is o(g)?
13
Let z(x) = -x**2 + x - 1. Let o(w) = 3*w**2 - 5*w + 2. Let y = -4 - -3. Let h(r) = y*o(r) - 2*z(r). Calculate h(4).
-4
Let f(t) = -t**2 + t - 2. Let i = -21 + 23. Calculate f(i).
-4
Let q(k) = -4 + k + 5*k - 3*k - k**2. Let w(o) = -o**2 - o - 1. Let r(f) = q(f) - 2*w(f). Let y be r(-5). Let b(p) = 2*p**3 + 2*p**2 - p + 1. Calculate b(y).
-5
Let t(n) = 0*n - 5*n + n - 2*n**2. Suppose 2*a + 4*k = -4, -a + 2*k - 14 = 2*a. Let i = a - -1. Give t(i).
-6
Let p(g) = 15*g + 1 - 13*g - 11*g - g**2. Calculate p(-7).
15
Let b be (-6)/(-6*(-1)/(-4)). Suppose x = b, 16 = 3*g + 4*x - 6. Let j(s) = -s**2 + 4*s + 1. What is j(g)?
5
Let b(v) = -v**2 - 2. Let r = 11 + -8. Suppose -r*f + u + 3*u + 9 = 0, 6 = 2*f + 4*u. Calculate b(f).
-11
Let g(w) = -43*w + 14. Let d(q) = -11*q + 3. Let y(v) = 9*d(v) - 2*g(v). Give y(-1).
12
Let d(j) = j + 7. Let r be d(-6). Let h(u) = 3 - r + 2 + u**2 - 3*u - 2*u**2. Give h(-4).
0
Let p(k) be the second derivative of 0 + 1/2*k**4 - 4*k - 1/2*k**2 - 1/3*k**3. Determine p(-1).
7
Let i(k) be the third derivative of k**4/4 + k**3/2 + 71*k**2. Calculate i(-2).
-9
Let s(k) = -k**3 - 4*k**2 - 2*k. Let g(r) = r**3 - 7*r**2 + r - 10. Let d(t) = t + 7. Let u be d(0). Let l be g(u). What is s(l)?
-3
Let n(v) = 5*v**3 - 2*v**2 + 1. Let w be n(-1). Let r(d) = d**2 + 6*d + 3. Calculate r(w).
3
Let q = -6 - -8. Let v(t) be the first derivative of 3*t**4/4 - 4*t**3/3 + 2*t**2 - 2*t + 63. Determine v(q).
14
Let d(t) = t**2 - 1. Let z(x) = 0*x - 4*x + 5*x - 6. Let l be z(5). Give d(l).
0
Let j = 1 + 1. Let p(r) = -3 + 3*r**2 - r**2 + 3*r - 5*r**2. Calculate p(j).
-9
Suppose 4*l - 4*i = 0, 0 = 4*i + 1 - 9. Let a(k) = 9*k**2 - k - 3*k**l + 1 + k**2. Let j be (-144)/(-112) + 4/(-14). Determine a(j).
7
Let s(h) = -h**3 - 9*h**2 - 9*h - 5. Let u be s(-8). Suppose -5*m = -u*m + 6. Let k(o) = o**3 + 2*o**2 - 2*o - 4. What is k(m)?
-7
Let r be ((-24)/(-4) + -4)/((-2)/4). Let n(b) = -b - 4. Give n(r).
0
Suppose 0 = -7*t + 12*t + 30. Let g be t*7/(42/(-4)). Let d(y) = -3*y + 1. Calculate d(g).
-11
Suppose -d + 2 = -2. Let x(t) = 6*t**3 - 9*t**2 - 7*t - 3. Let h(y) = 7*y**3 - 10*y**2 - 8*y - 4. Let v(c) = 5*h(c) - 6*x(c). Determine v(d).
6
Let f(b) = b**2 - 4*b - 5. Let r = -23 - -28. Determine f(r).
0
Let a(k) = k**3 + 7*k**2 - 2*k - 1. Let b(x) = -2*x**3 - 15*x**2 + 4*x + 2. Let g(h) = -7*a(h) - 3*b(h). Determine g(-2).
-11
Let d(n) = n**2 - 5*n**2 + 3*n**2 - 3 - 6*n. Let z be d(-5). Let m(b) = z - 8 + 3*b - 2*b. Calculate m(5).
-1
Let z be 4/3 + (-2)/(-3). Let d(k) = -1 - 3*k**z + k**3 + 2*k**3 - 2*k - 5*k**3 + k**3. Determine d(-1).
-1
Let i(q) = -4 - 1 + 2*q**2 + 0*q**2 - 3*q**2. Let j(p) = -p**2 - 10*p - 9. Let b = 21 - 30. Let r be j(b). Give i(r).
-5
Let n(z) = -z**2 + z + 2. Let v = 71 - 71. Give n(v).
2
Let u(r) = -r - 1. Let i be u(-1). Let o(a) = 1 - 4*a + i + 0*a. Let h be (7 + -3)/(-8)*-4. What is o(h)?
-7
Let o = -4 - -5. Suppose -q + o + 2 = 0. Let f(c) = 4*c + 0 - q - c**3 - c**2 - 3*c**2. What is f(-5)?
2
Suppose -2*a = 2*a - 8. Let h(t) be the first derivative of -4 + 0*t - 3/2*t**2. Calculate h(a).
-6
Let z = 4 + -4. Let y = z - -1. Let g(o) = -o. Determine g(y).
-1
Let j(b) = 301 - b + 3*b - 316. Determine j(9).
3
Let b(u) = u + 1. Let y(p) = -p - 4. Let n be y(-6). Suppose -n*x - 3 = -3*x. Suppose g - 8 = x*g. Give b(g).
-3
Let k(l) = -l**3 - 2*l**2 + 4*l + 4. Let i be k(-3). Let a(b) be the first derivative of 1 + 3/2*b**4 - 1/2*b**2 + 1/3*b**3 + b. What is a(i)?
7
Let r(v) = 2*v - 10. Let o(h) = h**2 + h - 13. Let s be o(-5). What is r(s)?
4
Let o = 3 - -4. Let x(s) = s**2 - 9*s + 9. Calculate x(o).
-5
Let d(r) be the second derivative of -r**6/360 + r**5/24 + r**4/12 + 2*r. Let j(k) be the third derivative of d(k). Let x be 4/(-8)*-6 + 2. Calculate j(x).
-5
Let v be (1/(2/8))/1. Let d = 1 - v. Let q = d - -6. Let w(p) = -p**2 + 6*p - 3. Give w(q).
6
Suppose 2*d + 4*x + 16 = 0, -d + 4*x + 16 = 3*d. Let w(k) = 1 + k + k + d*k. Suppose 5*y - 4 - 6 = 0. What is w(y)?
5
Let m(z) = z**3 + 7*z**2 - 8*z + 1. Let l be (-32)/6*21/14. Determine m(l).
1
Let z(s) = s**3 - 2*s**3 - 15 - 5*s**2 - 3*s + 18 + s**2. Let k(f) = f**3 - 4*f**2 - 3. Let t be k(4). Determine z(t).
3
Let z(i) = -4*i - 1. Let y(s) be the third derivative of s**5/60 - s**4/6 - s**3/3 - 2*s**2. Let x be y(5). Let v be -4 - ((-3)/x + -1). Give z(v).
7
Let l(f) = 2*f - 1. Let d(w) = -4*w**3 + 4*w**2 - 2*w + 3*w**3 + 1 + 3*w. Let c be d(4). Suppose 0 = 4*v - c - 11. Give l(v).
7
Let a(x) = 5*x + 1. Let c(m) = 4*m + 1. Let d(z) = -3*a(z) + 4*c(z). Suppose -11 = 3*k + 13. Let j = -11 - k. Determine d(j).
-2
Let j(s) = 6 - 7*s**2 - s**3 - 1 - 9*s + 4*s. Determine j(-6).
-1
Let x(j) = -6*j. Let v be (-30)/(-50) + 7/5. What is x(v)?
-12
Let r be (-5 - -2 - -2)*2. Let l(z) = -14*z - 14. Let w(y) = y + 1. Let t(x) = -l(x) - 12*w(x). What is t(r)?
-2
Suppose s - 2 = 7*j - 2*j, 5*s + 20 = -5*j. Let d(f) = -7*f + 4. Determine d(s).
25
Let m(o) = -7*o + 34. Let k(n) = 3*n - 16. Let c(v) = 9*k(v) + 4*m(v). Give c(7).
-15
Let c(o) = 8*o + 3. Let x(m) = -m - 1. Let i(t) = c(t) + 5*x(t). Calculate i(2).
4
Suppose 31 = 4*t + i, -t + 2*i + 14 = i. Let c be (4/3)/(6/t). Let d(s) = -s**2 + 2*s**c + 6*s - 9*s + 1. Determine d(2).
-1
Let r = 42 + -124/3. Let j(d) be the third derivative of 1/60*d**5 + 0 - 2*d**2 - 1/24*d**4 + r*d**3 + 0*d. Give j(3).
10
Let x(v) = -v + 1. Let b(a) = -10*a + 9. Let t(h) = 2*b(h) - 18*x(h). Let c(p) = p**3 - 6*p**2 + 8*p - 5. Let 